{"id":858,"date":"2021-07-22T23:23:01","date_gmt":"2021-07-23T04:23:01","guid":{"rendered":"https:\/\/responsablesambientales.org\/peru\/?page_id=858"},"modified":"2021-07-22T23:23:44","modified_gmt":"2021-07-23T04:23:44","slug":"8vo-encuentro-de-responsables-ambientales","status":"publish","type":"page","link":"https:\/\/responsablesambientales.org\/peru\/eventos\/8vo-encuentro-de-responsables-ambientales\/","title":{"rendered":"8vo Encuentro de Responsables Ambientales"},"content":{"rendered":"<p>[vc_row][vc_column][vc_custom_heading text=\u00bbJornada Virtual: Adaptaci\u00f3n y Mitigaci\u00f3n en Cambio Clim\u00e1tico, Educaci\u00f3n, Riesgo en salud con el Marco de la Resiliencia al Cambio Clim\u00e1tico en Latinoam\u00e9rica y el Caribe.\u00bb font_container=\u00bbtag:h2|font_size:28px|text_align:center|color:%23000000|line_height:32px\u00bb google_fonts=\u00bbfont_family:Montserrat%3Aregular%2C700|font_style:700%20bold%20regular%3A700%3Anormal\u00bb][\/vc_column][vc_column][vc_single_image image=\u00bb859&#8243; img_size=\u00bbfull\u00bb alignment=\u00bbcenter\u00bb style=\u00bbvc_box_shadow\u00bb][\/vc_column][\/vc_row]<\/p>\n","protected":false},"excerpt":{"rendered":"<p>[vc_row][vc_column][vc_custom_heading text=\u00bbJornada Virtual: Adaptaci\u00f3n y Mitigaci\u00f3n en Cambio Clim\u00e1tico, Educaci\u00f3n, Riesgo en salud con el Marco de la Resiliencia al Cambio Clim\u00e1tico en Latinoam\u00e9rica y el Caribe.\u00bb font_container=\u00bbtag:h2|font_size:28px|text_align:center|color:%23000000|line_height:32px\u00bb google_fonts=\u00bbfont_family:Montserrat%3Aregular%2C700|font_style:700%20bold%20regular%3A700%3Anormal\u00bb][\/vc_column][vc_column][vc_single_image image=\u00bb859&#8243; img_size=\u00bbfull\u00bb alignment=\u00bbcenter\u00bb style=\u00bbvc_box_shadow\u00bb][\/vc_column][\/vc_row]<\/p>\n","protected":false},"author":1,"featured_media":0,"parent":780,"menu_order":0,"comment_status":"closed","ping_status":"closed","template":"","meta":{"footnotes":""},"class_list":["post-858","page","type-page","status-publish","hentry","description-off"],"_links":{"self":[{"href":"https:\/\/responsablesambientales.org\/peru\/wp-json\/wp\/v2\/pages\/858","targetHints":{"allow":["GET"]}}],"collection":[{"href":"https:\/\/responsablesambientales.org\/peru\/wp-json\/wp\/v2\/pages"}],"about":[{"href":"https:\/\/responsablesambientales.org\/peru\/wp-json\/wp\/v2\/types\/page"}],"author":[{"embeddable":true,"href":"https:\/\/responsablesambientales.org\/peru\/wp-json\/wp\/v2\/users\/1"}],"replies":[{"embeddable":true,"href":"https:\/\/responsablesambientales.org\/peru\/wp-json\/wp\/v2\/comments?post=858"}],"version-history":[{"count":1,"href":"https:\/\/responsablesambientales.org\/peru\/wp-json\/wp\/v2\/pages\/858\/revisions"}],"predecessor-version":[{"id":860,"href":"https:\/\/responsablesambientales.org\/peru\/wp-json\/wp\/v2\/pages\/858\/revisions\/860"}],"up":[{"embeddable":true,"href":"https:\/\/responsablesambientales.org\/peru\/wp-json\/wp\/v2\/pages\/780"}],"wp:attachment":[{"href":"https:\/\/responsablesambientales.org\/peru\/wp-json\/wp\/v2\/media?parent=858"}],"curies":[{"name":"wp","href":"https:\/\/api.w.org\/{rel}","templated":true}]}}