{"id":584,"date":"2020-07-20T22:54:01","date_gmt":"2020-07-21T03:54:01","guid":{"rendered":"https:\/\/responsablesambientales.org\/peru\/?page_id=584"},"modified":"2020-08-25T10:31:35","modified_gmt":"2020-08-25T15:31:35","slug":"nosotros","status":"publish","type":"page","link":"https:\/\/responsablesambientales.org\/peru\/nosotros\/","title":{"rendered":"Nosotros"},"content":{"rendered":"<p>[vc_row][vc_column offset=\u00bbvc_col-lg-offset-0 vc_col-md-offset-0&#8243;][vc_row_inner equal_height=\u00bbyes\u00bb content_placement=\u00bbmiddle\u00bb][vc_column_inner width=\u00bb1\/2&#8243; offset=\u00bbvc_col-lg-offset-1 vc_col-lg-6 vc_col-md-offset-1 vc_col-md-6 vc_col-sm-offset-0 vc_col-xs-12&#8243; css=\u00bb.vc_custom_1550596702701{margin-bottom: 20px !important;border-left-width: 3px !important;padding-left: 40px !important;border-left-color: #75b325 !important;border-left-style: dashed !important;}\u00bb][vc_custom_heading text=\u00bbVISI\u00d3N\u00bb font_container=\u00bbtag:h2|font_size:24px|text_align:left|line_height:34px\u00bb google_fonts=\u00bbfont_family:Droid%20Sans%3Aregular%2C700|font_style:700%20bold%20regular%3A700%3Anormal\u00bb][vc_column_text el_class=\u00bbjustificado\u00bb]<\/p>\n<p style=\"text-align: justify;\">El significativo incremento en nuestro continente de las cat\u00e1strofes ocasionadas por acciones del cambio clim\u00e1tico, que generan p\u00e9rdidas humanas, de recursos econ\u00f3micos y naturales. Como respuesta la solidaridad, el liderazgo, la resiliencia y el trabajo en equipo nos permitir\u00e1 generar y compartir experiencias exitosas de programas y proyectos de adaptaci\u00f3n, mitigaci\u00f3n y transferencia tecnol\u00f3gica realizados en nuestro continente para mejorar la calidad y cantidad de vida de nuestras poblaciones.<\/p>\n<p>[\/vc_column_text][\/vc_column_inner][vc_column_inner width=\u00bb1\/2&#8243; offset=\u00bbvc_col-lg-offset-0 vc_col-lg-4 vc_col-md-offset-0 vc_col-md-4 vc_col-sm-offset-0 vc_hidden-xs\u00bb css=\u00bb.vc_custom_1550511674362{padding-left: 40px !important;}\u00bb]<style type=\"text\/css\" data-type=\"the7_shortcodes-inline-css\">.shortcode-single-image-wrap.shortcode-single-image-93f9300edfb8bba85bdc9c5edc1989c5.enable-bg-rollover .rollover i,\n.shortcode-single-image-wrap.shortcode-single-image-93f9300edfb8bba85bdc9c5edc1989c5.enable-bg-rollover .rollover-video i {\n  background: ;\n  background: -webkit-linear-gradient();\n  background: linear-gradient();\n}\n.shortcode-single-image-wrap.shortcode-single-image-93f9300edfb8bba85bdc9c5edc1989c5 .rollover-icon {\n  font-size: 32px;\n  color: #ffffff;\n  min-width: 44px;\n  min-height: 44px;\n  line-height: 44px;\n  border-radius: 100px;\n  border-style: solid;\n  border-width: 0px;\n}\n.dt-icon-bg-on.shortcode-single-image-wrap.shortcode-single-image-93f9300edfb8bba85bdc9c5edc1989c5 .rollover-icon {\n  background: rgba(255,255,255,0.3);\n  box-shadow: none;\n}\n<\/style><div class=\"shortcode-single-image-wrap shortcode-single-image-93f9300edfb8bba85bdc9c5edc1989c5 alignnone  enable-bg-rollover dt-icon-bg-off\" style=\"margin-top:0px; margin-bottom:0px; margin-left:0px; margin-right:0px; width:800px;\"><div class=\"shortcode-single-image\"><div class=\"fancy-media-wrap  layzr-bg\" style=\"border-radius:800px;\"><img fetchpriority=\"high\" decoding=\"async\" class=\"preload-me lazy-load aspect\" src=\"data:image\/svg+xml,%3Csvg%20xmlns%3D&#39;http%3A%2F%2Fwww.w3.org%2F2000%2Fsvg&#39;%20viewBox%3D&#39;0%200%20800%20800&#39;%2F%3E\" data-src=\"https:\/\/responsablesambientales.org\/peru\/wp-content\/uploads\/2020\/08\/esp-glasses-800x800.jpg\" data-srcset=\"https:\/\/responsablesambientales.org\/peru\/wp-content\/uploads\/2020\/08\/esp-glasses-800x800.jpg 800w, https:\/\/responsablesambientales.org\/peru\/wp-content\/uploads\/2020\/08\/esp-glasses-1000x1000.jpg 1000w\" loading=\"eager\" sizes=\"(max-width: 800px) 100vw, 800px\" width=\"800\" height=\"800\"  data-dt-location=\"https:\/\/responsablesambientales.org\/peru\/nosotros\/close-up-of-glasses-in-city\/\" style=\"--ratio: 800 \/ 800;border-radius:800px;\" alt=\"\" \/><\/div><\/div><\/div>[\/vc_column_inner][\/vc_row_inner][vc_row_inner equal_height=\u00bbyes\u00bb content_placement=\u00bbmiddle\u00bb][vc_column_inner width=\u00bb1\/2&#8243; offset=\u00bbvc_col-lg-offset-1 vc_col-lg-4 vc_col-md-offset-1 vc_col-md-4 vc_hidden-xs\u00bb css=\u00bb.vc_custom_1550511660681{padding-right: 40px !important;}\u00bb]<style type=\"text\/css\" data-type=\"the7_shortcodes-inline-css\">.shortcode-single-image-wrap.shortcode-single-image-b4b46d1d76ffc846530ba155820b3ab9.enable-bg-rollover .rollover i,\n.shortcode-single-image-wrap.shortcode-single-image-b4b46d1d76ffc846530ba155820b3ab9.enable-bg-rollover .rollover-video i {\n  background: ;\n  background: -webkit-linear-gradient();\n  background: linear-gradient();\n}\n.shortcode-single-image-wrap.shortcode-single-image-b4b46d1d76ffc846530ba155820b3ab9 .rollover-icon {\n  font-size: 32px;\n  color: #ffffff;\n  min-width: 44px;\n  min-height: 44px;\n  line-height: 44px;\n  border-radius: 100px;\n  border-style: solid;\n  border-width: 0px;\n}\n.dt-icon-bg-on.shortcode-single-image-wrap.shortcode-single-image-b4b46d1d76ffc846530ba155820b3ab9 .rollover-icon {\n  background: rgba(255,255,255,0.3);\n  box-shadow: none;\n}\n<\/style><div class=\"shortcode-single-image-wrap shortcode-single-image-b4b46d1d76ffc846530ba155820b3ab9 alignnone  enable-bg-rollover dt-icon-bg-off\" style=\"margin-top:0px; margin-bottom:0px; margin-left:0px; margin-right:0px; width:800px;\"><div class=\"shortcode-single-image\"><div class=\"fancy-media-wrap  layzr-bg\" style=\"border-radius:800px;\"><img decoding=\"async\" class=\"preload-me lazy-load aspect\" src=\"data:image\/svg+xml,%3Csvg%20xmlns%3D&#39;http%3A%2F%2Fwww.w3.org%2F2000%2Fsvg&#39;%20viewBox%3D&#39;0%200%20500%20500&#39;%2F%3E\" data-src=\"https:\/\/responsablesambientales.org\/peru\/wp-content\/uploads\/2020\/08\/mision-3.png\" data-srcset=\"https:\/\/responsablesambientales.org\/peru\/wp-content\/uploads\/2020\/08\/mision-3.png 500w\" loading=\"eager\" sizes=\"(max-width: 500px) 100vw, 500px\" width=\"500\" height=\"500\"  data-dt-location=\"https:\/\/responsablesambientales.org\/peru\/nosotros\/mision-3\/\" style=\"--ratio: 500 \/ 500;border-radius:800px;\" alt=\"\" \/><\/div><\/div><\/div>[\/vc_column_inner][vc_column_inner width=\u00bb1\/2&#8243; offset=\u00bbvc_col-lg-offset-0 vc_col-lg-6 vc_col-md-offset-0 vc_col-md-6 vc_col-sm-offset-0 vc_col-xs-12&#8243; css=\u00bb.vc_custom_1550596751320{margin-bottom: 20px !important;border-left-width: 3px !important;padding-left: 40px !important;border-left-color: #75b325 !important;border-left-style: dashed !important;}\u00bb][vc_custom_heading text=\u00bbMISI\u00d3N\u00bb font_container=\u00bbtag:h2|font_size:24px|text_align:left|line_height:34px\u00bb google_fonts=\u00bbfont_family:Droid%20Sans%3Aregular%2C700|font_style:700%20bold%20regular%3A700%3Anormal\u00bb][vc_column_text el_class=\u00bbjustificado\u00bb]<\/p>\n<p style=\"text-align: justify;\"><em>\u201cEl Foro de Responsables Ambientales de Provincias, Estados y Regiones de Am\u00e9rica Latina y el Caribe es un \u00e1mbito creado en oportunidad de su primer encuentro en la ciudad de Lima, COP 20, en el a\u00f1o 2014, que tiene por objeto propiciar el di\u00e1logo para el intercambio de experiencias y pol\u00edticas implementadas para la adaptaci\u00f3n y mitigaci\u00f3n de los efectos del cambio clim\u00e1tico\u201d.\u00a0<\/em><\/p>\n<p>[\/vc_column_text][\/vc_column_inner][\/vc_row_inner][\/vc_column][\/vc_row][vc_row][vc_column]<div class=\"ult-spacer spacer-69d135261d5ca\" data-id=\"69d135261d5ca\" data-height=\"20\" data-height-mobile=\"20\" data-height-tab=\"20\" data-height-tab-portrait=\"\" data-height-mobile-landscape=\"\" style=\"clear:both;display:block;\"><\/div>[\/vc_column][\/vc_row][vc_row][vc_column]<div id=\"ultimate-heading-913569d135261d6ab\" class=\"uvc-heading ult-adjust-bottom-margin ultimate-heading-913569d135261d6ab uvc-1619 accent-icon-color uvc-heading-default-font-sizes\" data-hspacer=\"icon_only\"  data-halign=\"left\" style=\"text-align:left\"><div class=\"uvc-heading-spacer icon_only\" style=\"top\"><div class=\"ult-just-icon-wrapper  \"><div class=\"align-icon\" style=\"text-align:left;\">\n<div class=\"aio-icon none \"  style=\"font-size:32px;\">\n\t<i class=\"Defaults-leaf\"><\/i>\n<\/div><\/div><\/div><\/div><div class=\"uvc-main-heading ult-responsive\"  data-ultimate-target='.uvc-heading.ultimate-heading-913569d135261d6ab h3'  data-responsive-json-new='{\"font-size\":\"\",\"line-height\":\"\"}' ><h3 style=\"font-weight:bold;margin-bottom:15px;\">OBJETIVOS<\/h3><\/div><\/div>[\/vc_column][\/vc_row][vc_row][vc_column]<div class=\"ult-spacer spacer-69d135261d6cb\" data-id=\"69d135261d6cb\" data-height=\"20\" data-height-mobile=\"20\" data-height-tab=\"20\" data-height-tab-portrait=\"\" data-height-mobile-landscape=\"\" style=\"clear:both;display:block;\"><\/div>[\/vc_column][\/vc_row][vc_row][vc_column width=\u00bb1\/3&#8243;][vc_custom_heading text=\u00bb01.\u00bb font_container=\u00bbtag:h1|font_size:80px|text_align:left|color:rgba(0%2C0%2C0%2C0.5)|line_height:84px\u00bb google_fonts=\u00bbfont_family:Montserrat%3Aregular%2C700|font_style:700%20bold%20regular%3A700%3Anormal\u00bb]<div id=\"ultimate-heading-257169d135261d6e1\" class=\"uvc-heading ult-adjust-bottom-margin ultimate-heading-257169d135261d6e1 uvc-9743  uvc-heading-default-font-sizes\" data-hspacer=\"no_spacer\"  data-halign=\"left\" style=\"text-align:left\"><div class=\"uvc-heading-spacer no_spacer\" style=\"top\"><\/div><div class=\"uvc-main-heading ult-responsive\"  data-ultimate-target='.uvc-heading.ultimate-heading-257169d135261d6e1 h3'  data-responsive-json-new='{\"font-size\":\"\",\"line-height\":\"\"}' ><h3 style=\"--font-weight:theme;margin-bottom:6px;\">Di\u00e1logo<\/h3><\/div><\/div>[vc_column_text]<\/p>\n<p style=\"text-align: justify;\"><em>Propiciar el di\u00e1logo entre los distintos integrantes del mismo para el intercambio de experiencias y pol\u00edticas implementadas para la adaptaci\u00f3n y mitigaci\u00f3n de los efectos del cambio clim\u00e1tico.<\/em><\/p>\n<p>[\/vc_column_text][\/vc_column][vc_column width=\u00bb1\/3&#8243;][vc_custom_heading text=\u00bb02.\u00bb font_container=\u00bbtag:h1|font_size:80px|text_align:left|color:rgba(0%2C0%2C0%2C0.5)|line_height:84px\u00bb google_fonts=\u00bbfont_family:Montserrat%3Aregular%2C700|font_style:700%20bold%20regular%3A700%3Anormal\u00bb]<div id=\"ultimate-heading-355669d135261d6f7\" class=\"uvc-heading ult-adjust-bottom-margin ultimate-heading-355669d135261d6f7 uvc-8958  uvc-heading-default-font-sizes\" data-hspacer=\"no_spacer\"  data-halign=\"left\" style=\"text-align:left\"><div class=\"uvc-heading-spacer no_spacer\" style=\"top\"><\/div><div class=\"uvc-main-heading ult-responsive\"  data-ultimate-target='.uvc-heading.ultimate-heading-355669d135261d6f7 h3'  data-responsive-json-new='{\"font-size\":\"\",\"line-height\":\"\"}' ><h3 style=\"--font-weight:theme;margin-bottom:6px;\">Intercambio<\/h3><\/div><\/div>[vc_column_text]<\/p>\n<p style=\"text-align: justify;\"><em>Contribuir con el intercambio de informaci\u00f3n de proyectos de adaptaci\u00f3n y mitigaci\u00f3n en cambio clim\u00e1tico, entre los integrantes del Foro para la utilizaci\u00f3n del conocimiento en experiencias y pol\u00edticas exitosas implementadas, mediante exposiciones en los Encuentros.<\/em><\/p>\n<p>[\/vc_column_text][\/vc_column][vc_column width=\u00bb1\/3&#8243;][vc_custom_heading text=\u00bb03.\u00bb font_container=\u00bbtag:h1|font_size:80px|text_align:left|color:rgba(0%2C0%2C0%2C0.5)|line_height:84px\u00bb google_fonts=\u00bbfont_family:Montserrat%3Aregular%2C700|font_style:700%20bold%20regular%3A700%3Anormal\u00bb]<div id=\"ultimate-heading-794469d135261d709\" class=\"uvc-heading ult-adjust-bottom-margin ultimate-heading-794469d135261d709 uvc-608  uvc-heading-default-font-sizes\" data-hspacer=\"no_spacer\"  data-halign=\"left\" style=\"text-align:left\"><div class=\"uvc-heading-spacer no_spacer\" style=\"top\"><\/div><div class=\"uvc-main-heading ult-responsive\"  data-ultimate-target='.uvc-heading.ultimate-heading-794469d135261d709 h3'  data-responsive-json-new='{\"font-size\":\"\",\"line-height\":\"\"}' ><h3 style=\"--font-weight:theme;margin-bottom:6px;\">Acercamiento<\/h3><\/div><\/div>[vc_column_text]<\/p>\n<p style=\"text-align: justify;\"><em>Favorecer el acercamiento entre los directores y ejecutores de programas de mitigaci\u00f3n y adaptaci\u00f3n con los Organismos Multilaterales de cooperaci\u00f3n t\u00e9cnica y financiera ante las necesidades e incertidumbre emergentes, vinculando ejecutivos de Organismos de cooperaci\u00f3n con ejecutores de proyectos.<\/em><\/p>\n<p>[\/vc_column_text][\/vc_column][\/vc_row][vc_row][vc_column width=\u00bb1\/3&#8243;][vc_custom_heading text=\u00bb04.\u00bb font_container=\u00bbtag:h1|font_size:80px|text_align:left|color:rgba(0%2C0%2C0%2C0.5)|line_height:84px\u00bb google_fonts=\u00bbfont_family:Montserrat%3Aregular%2C700|font_style:700%20bold%20regular%3A700%3Anormal\u00bb]<div id=\"ultimate-heading-654169d135261d713\" class=\"uvc-heading ult-adjust-bottom-margin ultimate-heading-654169d135261d713 uvc-7907  uvc-heading-default-font-sizes\" data-hspacer=\"no_spacer\"  data-halign=\"left\" style=\"text-align:left\"><div class=\"uvc-heading-spacer no_spacer\" style=\"top\"><\/div><div class=\"uvc-main-heading ult-responsive\"  data-ultimate-target='.uvc-heading.ultimate-heading-654169d135261d713 h3'  data-responsive-json-new='{\"font-size\":\"\",\"line-height\":\"\"}' ><h3 style=\"--font-weight:theme;margin-bottom:6px;\">Promover<\/h3><\/div><\/div>[vc_column_text]<\/p>\n<p style=\"text-align: justify;\"><em>Promover la educaci\u00f3n y concientizaci\u00f3n en cada uno de los \u00e1mbitos sociales de acci\u00f3n en los que se desarrollan los proyectos sobre la problem\u00e1tica concreta del cambio clim\u00e1tico en sus comunidades. Cooperando con el desarrollo de herramientas educativas espec\u00edficas.<\/em><\/p>\n<p>[\/vc_column_text][\/vc_column][vc_column width=\u00bb1\/3&#8243;][vc_custom_heading text=\u00bb05.\u00bb font_container=\u00bbtag:h1|font_size:80px|text_align:left|color:rgba(0%2C0%2C0%2C0.5)|line_height:84px\u00bb google_fonts=\u00bbfont_family:Montserrat%3Aregular%2C700|font_style:700%20bold%20regular%3A700%3Anormal\u00bb]<div id=\"ultimate-heading-498669d135261d724\" class=\"uvc-heading ult-adjust-bottom-margin ultimate-heading-498669d135261d724 uvc-2760  uvc-heading-default-font-sizes\" data-hspacer=\"no_spacer\"  data-halign=\"left\" style=\"text-align:left\"><div class=\"uvc-heading-spacer no_spacer\" style=\"top\"><\/div><div class=\"uvc-main-heading ult-responsive\"  data-ultimate-target='.uvc-heading.ultimate-heading-498669d135261d724 h3'  data-responsive-json-new='{\"font-size\":\"\",\"line-height\":\"\"}' ><h3 style=\"--font-weight:theme;margin-bottom:6px;\">Integrar<\/h3><\/div><\/div>[vc_column_text]<\/p>\n<p style=\"text-align: justify;\"><em>Integrar al foro programas y proyectos en nuestra regi\u00f3n que no son visibles y que son valiosos como buenos ejemplos y como modelos para ser copiados o replicados y que muchas veces no son suficientemente conocidos y aprovechados, mediante la creaci\u00f3n de un registro de proyectos en la web de libre acceso para su consulta.<\/em><\/p>\n<p>[\/vc_column_text][\/vc_column][vc_column width=\u00bb1\/3&#8243;][vc_custom_heading text=\u00bb06.\u00bb font_container=\u00bbtag:h1|font_size:80px|text_align:left|color:rgba(0%2C0%2C0%2C0.5)|line_height:84px\u00bb google_fonts=\u00bbfont_family:Montserrat%3Aregular%2C700|font_style:700%20bold%20regular%3A700%3Anormal\u00bb]<div id=\"ultimate-heading-940869d135261d72e\" class=\"uvc-heading ult-adjust-bottom-margin ultimate-heading-940869d135261d72e uvc-595  uvc-heading-default-font-sizes\" data-hspacer=\"no_spacer\"  data-halign=\"left\" style=\"text-align:left\"><div class=\"uvc-heading-spacer no_spacer\" style=\"top\"><\/div><div class=\"uvc-main-heading ult-responsive\"  data-ultimate-target='.uvc-heading.ultimate-heading-940869d135261d72e h3'  data-responsive-json-new='{\"font-size\":\"\",\"line-height\":\"\"}' ><h3 style=\"--font-weight:theme;margin-bottom:6px;\">Experiencia<\/h3><\/div><\/div>[vc_column_text]<\/p>\n<p style=\"text-align: justify;\"><em>Intercambiar experiencias en Programas y Proyectos de Cambio Clim\u00e1tico, presentados por los Responsables y Directores de su ejecuci\u00f3n, y as\u00ed aprender de los resultados obtenidos para ser replicados, creando sinergismos y fortalecimiento para una mejora continua.<\/em><\/p>\n<p>[\/vc_column_text][\/vc_column][\/vc_row][vc_row][vc_column][vc_row_inner equal_height=\u00bbyes\u00bb content_placement=\u00bbmiddle\u00bb][vc_column_inner width=\u00bb1\/2&#8243; offset=\u00bbvc_col-lg-offset-1 vc_col-lg-6 vc_col-md-offset-1 vc_col-md-6 vc_col-sm-offset-0 vc_col-xs-12&#8243; css=\u00bb.vc_custom_1550596702701{margin-bottom: 20px !important;border-left-width: 3px !important;padding-left: 40px !important;border-left-color: #75b325 !important;border-left-style: dashed !important;}\u00bb][vc_custom_heading text=\u00bbRESULTADOS\u00bb font_container=\u00bbtag:h2|font_size:24px|text_align:left|line_height:34px\u00bb google_fonts=\u00bbfont_family:Droid%20Sans%3Aregular%2C700|font_style:700%20bold%20regular%3A700%3Anormal\u00bb][vc_column_text el_class=\u00bbjustificado\u00bb]<\/p>\n<ul>\n<li style=\"text-align: justify;\">Incrementar el alcance y n\u00famero de Responsables Ambientales y ejecutores de proyectos respecto a los encuentros anteriores.<\/li>\n<li style=\"text-align: justify;\">Redactar recomendaciones de factores positivos y negativos de las experiencias obtenidas, con aspectos sociales, ambientales, econ\u00f3micos administrativos. Describir la recepci\u00f3n e involucramiento de la comunidad de los proyectos llevados a cabo.<\/li>\n<li style=\"text-align: justify;\">Actualizar el directorio de puntos focales de Responsables Ambientales de Provincias, Estados y Regiones de Am\u00e9rica Latina y el Caribe p\u00fablicos y privados.<\/li>\n<li style=\"text-align: justify;\">Ampliar la base de datos de los programas o proyectos de cambio clim\u00e1tico sobre adaptaci\u00f3n y mitigaci\u00f3n con sus autores o ejecutores y direcciones correspondientes.<\/li>\n<li style=\"text-align: justify;\">Generar un espacio virtual de consulta entre los ejecutores de proyectos y agentes de organismos multilaterales.<\/li>\n<\/ul>\n<p>[\/vc_column_text][\/vc_column_inner][vc_column_inner width=\u00bb1\/2&#8243; offset=\u00bbvc_col-lg-offset-0 vc_col-lg-4 vc_col-md-offset-0 vc_col-md-4 vc_col-sm-offset-0 vc_hidden-xs\u00bb css=\u00bb.vc_custom_1550511674362{padding-left: 40px !important;}\u00bb]<style type=\"text\/css\" data-type=\"the7_shortcodes-inline-css\">.shortcode-single-image-wrap.shortcode-single-image-d4c84e711d01f09a34d394f587f3bcc6.enable-bg-rollover .rollover i,\n.shortcode-single-image-wrap.shortcode-single-image-d4c84e711d01f09a34d394f587f3bcc6.enable-bg-rollover .rollover-video i {\n  background: ;\n  background: -webkit-linear-gradient();\n  background: linear-gradient();\n}\n.shortcode-single-image-wrap.shortcode-single-image-d4c84e711d01f09a34d394f587f3bcc6 .rollover-icon {\n  font-size: 32px;\n  color: #ffffff;\n  min-width: 44px;\n  min-height: 44px;\n  line-height: 44px;\n  border-radius: 100px;\n  border-style: solid;\n  border-width: 0px;\n}\n.dt-icon-bg-on.shortcode-single-image-wrap.shortcode-single-image-d4c84e711d01f09a34d394f587f3bcc6 .rollover-icon {\n  background: rgba(255,255,255,0.3);\n  box-shadow: none;\n}\n<\/style><div class=\"shortcode-single-image-wrap shortcode-single-image-d4c84e711d01f09a34d394f587f3bcc6 alignnone  enable-bg-rollover dt-icon-bg-off\" style=\"margin-top:0px; margin-bottom:0px; margin-left:0px; margin-right:0px; width:800px;\"><div class=\"shortcode-single-image\"><div class=\"fancy-media-wrap  layzr-bg\" style=\"border-radius:800px;\"><img decoding=\"async\" class=\"preload-me lazy-load aspect\" src=\"data:image\/svg+xml,%3Csvg%20xmlns%3D&#39;http%3A%2F%2Fwww.w3.org%2F2000%2Fsvg&#39;%20viewBox%3D&#39;0%200%20800%20800&#39;%2F%3E\" data-src=\"https:\/\/responsablesambientales.org\/peru\/wp-content\/uploads\/2020\/08\/Slide3-1-800x800.jpg\" data-srcset=\"https:\/\/responsablesambientales.org\/peru\/wp-content\/uploads\/2020\/08\/Slide3-1-800x800.jpg 800w, https:\/\/responsablesambientales.org\/peru\/wp-content\/uploads\/2020\/08\/Slide3-1.jpg 1000w\" loading=\"eager\" sizes=\"(max-width: 800px) 100vw, 800px\" width=\"800\" height=\"800\"  data-dt-location=\"https:\/\/responsablesambientales.org\/peru\/nosotros\/slide3\/\" style=\"--ratio: 800 \/ 800;border-radius:800px;\" alt=\"\" \/><\/div><\/div><\/div>[\/vc_column_inner][\/vc_row_inner][\/vc_column][\/vc_row]<\/p>\n","protected":false},"excerpt":{"rendered":"<p>[vc_row][vc_column offset=\u00bbvc_col-lg-offset-0 vc_col-md-offset-0&#8243;][vc_row_inner equal_height=\u00bbyes\u00bb content_placement=\u00bbmiddle\u00bb][vc_column_inner width=\u00bb1\/2&#8243; offset=\u00bbvc_col-lg-offset-1 vc_col-lg-6 vc_col-md-offset-1 vc_col-md-6 vc_col-sm-offset-0 vc_col-xs-12&#8243; css=\u00bb.vc_custom_1550596702701{margin-bottom: 20px !important;border-left-width: 3px !important;padding-left: 40px !important;border-left-color: #75b325 !important;border-left-style: dashed !important;}\u00bb][vc_custom_heading text=\u00bbVISI\u00d3N\u00bb font_container=\u00bbtag:h2|font_size:24px|text_align:left|line_height:34px\u00bb google_fonts=\u00bbfont_family:Droid%20Sans%3Aregular%2C700|font_style:700%20bold%20regular%3A700%3Anormal\u00bb][vc_column_text el_class=\u00bbjustificado\u00bb] El significativo incremento en nuestro continente de las cat\u00e1strofes ocasionadas por acciones del cambio clim\u00e1tico, que generan p\u00e9rdidas humanas, de recursos econ\u00f3micos y naturales. Como respuesta la solidaridad,&hellip;<\/p>\n","protected":false},"author":1,"featured_media":0,"parent":0,"menu_order":15,"comment_status":"closed","ping_status":"closed","template":"","meta":{"footnotes":""},"class_list":["post-584","page","type-page","status-publish","hentry","description-off"],"_links":{"self":[{"href":"https:\/\/responsablesambientales.org\/peru\/wp-json\/wp\/v2\/pages\/584","targetHints":{"allow":["GET"]}}],"collection":[{"href":"https:\/\/responsablesambientales.org\/peru\/wp-json\/wp\/v2\/pages"}],"about":[{"href":"https:\/\/responsablesambientales.org\/peru\/wp-json\/wp\/v2\/types\/page"}],"author":[{"embeddable":true,"href":"https:\/\/responsablesambientales.org\/peru\/wp-json\/wp\/v2\/users\/1"}],"replies":[{"embeddable":true,"href":"https:\/\/responsablesambientales.org\/peru\/wp-json\/wp\/v2\/comments?post=584"}],"version-history":[{"count":33,"href":"https:\/\/responsablesambientales.org\/peru\/wp-json\/wp\/v2\/pages\/584\/revisions"}],"predecessor-version":[{"id":761,"href":"https:\/\/responsablesambientales.org\/peru\/wp-json\/wp\/v2\/pages\/584\/revisions\/761"}],"wp:attachment":[{"href":"https:\/\/responsablesambientales.org\/peru\/wp-json\/wp\/v2\/media?parent=584"}],"curies":[{"name":"wp","href":"https:\/\/api.w.org\/{rel}","templated":true}]}}